hen 85385 is divided by 7.
6
What is the remainder when 6837 is divided by 326?
317
What is the remainder when 167185 is divided by 1286?
5
Calculate the remainder when 3512 is divided by 1086.
254
What is the remainder when 41638 is divided by 66?
58
What is the remainder when 27695 is divided by 16?
15
What is the remainder when 74922 is divided by 185?
182
Calculate the remainder when 48798 is divided by 21.
15
Calculate the remainder when 387 is divided by 36.
27
Calculate the remainder when 52896 is divided by 481.
467
Calculate the remainder when 96372 is divided by 24076.
68
What is the remainder when 28647 is divided by 18?
9
Calculate the remainder when 13317 is divided by 1900.
17
What is the remainder when 13018 is divided by 32?
26
Calculate the remainder when 25151 is divided by 148.
139
What is the remainder when 876 is divided by 670?
206
Calculate the remainder when 47528 is divided by 897.
884
What is the remainder when 346344 is divided by 1560?
24
What is the remainder when 3149 is divided by 196?
13
Calculate the remainder when 1330559 is divided by 241.
239
Calculate the remainder when 1568 is divided by 211.
91
What is the remainder when 19262 is divided by 26?
22
Calculate the remainder when 5083 is divided by 2536.
11
Calculate the remainder when 5063 is divided by 1015.
1003
What is the remainder when 69651 is divided by 17412?
3
Calculate the remainder when 11382 is divided by 5653.
76
What is the remainder when 6070 is divided by 29?
9
What is the remainder when 8961 is divided by 82?
23
Calculate the remainder when 3451 is divided by 267.
247
Calculate the remainder when 7562 is divided by 5.
2
Calculate the remainder when 834 is divided by 769.
65
What is the remainder when 479699 is divided by 325?
324
What is the remainder when 2489819 is divided by 17?
16
What is the remainder when 48276 is divided by 77?
74
Calculate the remainder when 70982 is divided by 37.
16
Calculate the remainder when 5233 is divided by 1037.
48
What is the remainder when 6652 is divided by 709?
271
Calculate the remainder when 7157 is divided by 247.
241
Calculate the remainder when 232 is divided by 49.
36
Calculate the remainder when 253290 is divided by 365.
345
What is the remainder when 1056 is divided by 101?
46
What is the remainder when 314 is divided by 266?
48
Calculate the remainder when 80492 is divided by 76.
8
What is the remainder when 4747 is divided by 88?
83
What is the remainder when 2960 is divided by 46?
16
Calculate the remainder when 148166 is divided by 61.
58
Calculate the remainder when 22620 is divided by 133.
10
Calculate the remainder when 7124 is divided by 1394.
154
Calculate the remainder when 364923 is divided by 40543.
36
What is the remainder when 51512 is divided by 195?
32
Calculate the remainder when 83879 is divided by 5242.
7
What is the remainder when 30275 is divided by 348?
347
What is the remainder when 13667 is divided by 49?
45
Calculate the remainder when 11611 is divided by 48.
43
Calculate the remainder when 145452 is divided by 24.
12
What is the remainder when 68531 is divided by 34258?
15
Calculate the remainder when 71666 is divided by 527.
521
What is the remainder when 1114 is divided by 162?
142
Calculate the remainder when 400659 is divided by 386.
377
What is the remainder when 6296 is divided by 376?
280
What is the remainder when 9828 is divided by 15?
3
What is the remainder when 2145 is divided by 58?
57
What is the remainder when 20569 is divided by 822?
19
What is the remainder when 16446 is divided by 3289?
1
Calculate the remainder when 2339 is divided by 29.
19
What is the remainder when 352340 is divided by 112?
100
What is the remainder when 387717 is divided by 356?
33
Calculate the remainder when 42644 is divided by 6.
2
What is the remainder when 268568 is divided by 502?
500
What is the remainder when 445570 is divided by 35?
20
What is the remainder when 45129 is divided by 22562?
5
What is the remainder when 1747061 is divided by 18?
17
What is the remainder when 2440 is divided by 53?
2
What is the remainder when 5211 is divided by 1734?
9
Calculate the remainder when 1400 is divided by 117.
113
Calculate the remainder when 22005 is divided by 14.
11
What is the remainder when 9857 is divided by 339?
26
Calculate the remainder when 12469 is divided by 18.
13
Calculate the remainder when 16048 is divided by 594.
10
What is the remainder when 5503 is divided by 1358?
71
What is the remainder when 441243 is divided by 706?
699
What is the remainder when 139906 is divided by 15545?
1
What is the remainder when 61126 is divided by 206?
150
Calculate the remainder when 38430 is divided by 211.
28
What is the remainder when 25210 is divided by 560?
10
What is the remainder when 575379 is divided by 798?
21
What is the remainder when 83681 is divided by 5230?
1
What is the remainder when 2312 is divided by 329?
9
Calculate the remainder when 16650 is divided by 23.
21
What is the remainder when 163548 is divided by 11682?
0
What is the remainder when 7097 is divided by 373?
10
Calculate the remainder when 894 is divided by 13.
10
Calculate the remainder when 25390 is divided by 279.
1
What is the remainder when 5300 is divided by 2224?
852
What is the remainder when 29740 is divided by 205?
15
What is the remainder when 24962 is divided by 4148?
74
What is the remainder when 27697 is divided by 56?
33
What is the remainder when 14570 is divided by 23?
11
What is the remainder when 29616 is divided by 342?
204
Calculate the remainder when 32959 is divided by 32894.
65
What is the remainder when 364 is divided by 200?
164
Calculate the remainder when 11222 is divided by 126.
8
What is the remainder when 1638 is divided by 465?
243
Calculate the remainder when 2764 is divided by 39.
34
Calculate the remainder when 14256 is divided by 619.
19
What is the remainder when 36 is divided by 15?
6
Calculate the remainder when 56276 is divided by 12.
8
What is the remainder when 206381 is divided by 702?
695
What is the remainder when 46526 is divided by 7752?
14
What is the remainder when 224145 is divided by 20?
5
Calculate the remainder when 12404 is divided by 36.
20
Calculate the remainder when 3630 is divided by 141.
105
Calculate the remainder when 41084 is divided by 180.
44
What is the remainder when 29 is divided by 26?
3
Calculate the remainder when 2020 is divided by 1899.
121
What is the remainder when 357973 is divided by 61?
25
Calculate the remainder when 885 is divided by 115.
80
Calculate the remainder when 42204 is divided by 8254.
934
What is the remainder when 3610 is divided by 1745?
120
What is the remainder when 7710 is divided by 177?
99
Calculate the remainder when 1458 is divided by 11.
6
What is the remainder when 10972 is divided by 39?
13
What is the remainder when 3425 is divided by 35?
30
Calculate the remainder when 400792 is divided by 2066.
2054
Calculate the remainder when 3954 is divided by 499.
461
What is the remainder when 3446 is divided by 301?
135
What is the remainder when 69628 is divided by 13917?
43
What is the remainder when 63966 is divided by 31965?
36
What is the remainder when 19922 is divided by 56?
42
Calculate the remainder when 4054 is divided by 28.
22
Calculate the remainder when 1745 is divided by 209.
73
Calculate the remainder when 68161 is divided by 13630.
11
What is the remainder when 6215 is divided by 395?
290
Calculate the remainder when 162340 is divided by 446.
442
Calculate the remainder when 9211 is divided by 918.
31
Calculate the remainder when 69751 is divided by 216.
199
What is the remainder when 22265 is divided by 297?
287
What is the remainder when 14797 is divided by 149?
46
What is the remainder when 4294 is divided by 360?
334
What is the remainder when 24397 is divided by 1281?
58
What is the remainder when 924230 is divided by 810?
20
Calculate the remainder when 386637 is divided by 95.
82
What is the remainder when 8911 is divided by 387?
10
What is the remainder when 55003 is divided by 18213?
364
What is the remainder when 235215 is divided by 2?
1
Calculate the remainder when 22067 is divided by 138.
125
Calculate the remainder when 83933 is divided by 9.
8
What is the remainder when 21274